 + (-18)/8. Let o be (-2 + 2 - 0)/b. Let p(t) = -t**3 - t**2 + t + 34. What is the units digit of p(o)?
4
Suppose -h = q - 11092 + 1032, 3*q + 20100 = 2*h. What is the tens digit of h?
5
Let d(v) = -v**3 - 5*v**2 + 9*v + 14. Let l be d(-6). What is the units digit of l + 3388/49 - (-3)/(-21)?
5
Suppose 96 = 2*c - 2*s, 3*c + 60 = -4*s + 197. Let a = c - 22. What is the units digit of ((-280)/a)/7*-10?
6
Let x be (-4)/(-20) - (2 - (-176)/(-20)). What is the hundreds digit of (177 + -2)*(11 - x)?
7
Let q(d) = 36*d**3 - 11 - 35*d**3 - 3*d + 0*d - 5*d**2. Let s be q(6). Suppose -s = 4*i - 3*t, -5*i - 3*t - 10 = -7*t. What is the units digit of i?
2
Suppose 168*q - 423471 = 388763 + 13150. What is the hundreds digit of q?
9
Suppose -1315*h + 1335*h - 246720 = 0. What is the units digit of h?
6
Let a be (-4 + 2)/(7/(-5) + 1). Suppose 0 = -n - 1, n + 1548 = a*l - 1248. What is the hundreds digit of l?
5
Suppose 837*y - 210*y - 46714388 = -12526586. What is the tens digit of y?
2
Let l = -10 + 4. What is the units digit of (-4)/l + 3740/51?
4
Let d(l) = l**2 + 96*l + 65. What is the units digit of d(28)?
7
Let u(r) = -11*r - 151. Let w be u(-16). Suppose 45 = 3*n + p + 3*p, p - w = -2*n. What is the units digit of n?
1
Let v(j) = 5*j**3 - 3*j**2 - 1. Let l be v(-3). Let s = 396 + l. What is the units digit of s?
3
Suppose l + 14*g = 10*g - 9, 2*g = 4*l - 36. Let n be 3/(((-1)/(-1))/(-1)). What is the tens digit of l/((-7)/n) + (-422)/(-2)?
1
Suppose -669*s + 1479560 = -629*s. What is the tens digit of s?
8
Let z = -38516 - -77459. What is the ten thousands digit of z?
3
Let z(w) = -w**3 + 3*w**2 + 6*w - 2. Let f be z(4). Let n(b) be the third derivative of 11*b**4/8 - 14*b**3/3 - 403*b**2 - b. What is the units digit of n(f)?
0
Suppose 0 = o + 4*o - 4885. Let l = o + -571. What is the tens digit of l?
0
Let b = -5 - 4. Suppose 161 - 9 = 4*u. Let y = b + u. What is the tens digit of y?
2
Suppose -3*o = -12, -15*o = -i - 12*o + 10116. What is the thousands digit of i?
0
Suppose 47*j - 231000 = -50*j + 82*j. What is the ten thousands digit of j?
1
Suppose -23 = -5*t + 127. Let q = -15 + t. What is the tens digit of q*2*60/18?
0
Let k = -428 + 134. What is the hundreds digit of 0/18 + k/(-2)?
1
Let h = -110 + 115. Suppose w - 204 = u - 3*u, -855 = -4*w + h*u. What is the hundreds digit of w?
2
What is the units digit of (-4)/8 - (-529470)/36?
7
Suppose -32*r = -31*r + 2*k - 14355, -5*k - 25 = 0. What is the units digit of r?
5
Suppose -p + 4*p = k, 2*k = 3*p. Let h(y) = y**3 + 178 - 2*y + y + 3*y. What is the tens digit of h(k)?
7
Let t(a) = -10*a**2 - 20*a - 13. Let f be t(-11). Let r = -664 - f. What is the units digit of r?
9
Suppose -7*c - 1 = -134. Let j = c + -15. Suppose -4*b - 2*f + 159 = -3*f, -j*b = -2*f - 158. What is the units digit of b?
0
Let l(r) = 57*r**2 - 41*r + 3. What is the hundreds digit of l(15)?
2
Suppose -n + 2*g = -1, -5*n - 6*g + 4*g = -29. Suppose 1676 = 15*b - 10*b - c, -2*b = n*c - 665. What is the tens digit of b?
3
What is the units digit of (2/(-8))/(13/5701540*-5)?
9
Let j be 1 - -1 - (-1455)/(-15). Let x = -19 - j. Suppose -2*i + x = -100. What is the units digit of i?
8
What is the hundreds digit of (-442)/39*(-6684)/8?
4
Suppose x = 4, -2*r + 4*r + x = 34. What is the hundreds digit of (r/25)/(1 - (-2020)/(-2025))?
2
Let q(x) = -x**3 - 29*x**2 - 16*x + 38. Let t be q(-21). Let y = -1253 - t. What is the hundreds digit of y?
9
Let x(l) = 8*l**2 + 174*l + 7051. What is the tens digit of x(-51)?
8
Let s(f) = f**2 + 2*f + 1. Let w(n) = 6*n**2 + 47*n + 22. Let i(b) = -5*s(b) + w(b). What is the tens digit of i(16)?
6
Suppose 3*q - 4*b = -7*b + 18, -3*q + 4*b + 32 = 0. Suppose 4*l = -q, p + 7453 = 6*p + l. What is the units digit of p?
1
Suppose -4*x + 85 = -9*x. Let a = x - -315. What is the hundreds digit of a?
2
Suppose -6442 = -l + 996. Suppose 0 = -4*p - 4*t + 5952, -20*t + l = 5*p - 17*t. What is the tens digit of p?
8
Let t(b) = 5*b**2 - 3*b + 21. Let l be t(4). Let y(s) = 15*s**2 - s + 3. Let d be y(2). Suppose l = p + f, 2*p - 2*f - 113 - d = 0. What is the tens digit of p?
8
Let n(l) = 93*l**2 + 118*l - 249. What is the hundreds digit of n(-24)?
4
Suppose 0 = d + 2*v + 2*v - 492, 3*v = d - 513. Suppose -118*z + 399 = -899. Suppose d = z*c - 3*c. What is the units digit of c?
3
Suppose -9*d - 63482 = -147191. What is the tens digit of d?
0
Let p = -16 + 14. Let y(o) = -o**2 + o + 1. Let v be y(p). What is the units digit of (-77)/((-2)/((-10)/v))?
7
Let u = 9196 + -4544. What is the thousands digit of u?
4
Suppose 0*i + 3*i - r - 2138 = 0, -3*r - 1423 = -2*i. Suppose 0 = -37*y + i + 22190. What is the units digit of y?
9
Let o(h) = 4259*h**2 + 48*h + 48. What is the tens digit of o(-1)?
5
What is the hundreds digit of (-792)/(3/48*-4)?
1
Suppose 2*t - r + 5 = 0, 5*t + 26 = 5*r + 1. What is the units digit of (t - -5)/((20/(-132))/(-5))?
5
Let a(x) = -7 - 17 + 8 - 28*x. Let b = 9865 - 9875. What is the hundreds digit of a(b)?
2
Let u(d) = 10*d - 4. Let y be u(2). Suppose -16758 = -3*h - y*h. What is the units digit of h?
2
Let p = -511 - -513. Suppose -4068 - 628 = -4*t + p*a, 2*a = 0. What is the units digit of t?
4
Let m(i) = -1475*i**3 + 21*i**2 + 37*i + 3. What is the hundreds digit of m(-2)?
8
Let d(x) = 12*x**2 + 31*x - 27. Suppose -86 + 119 = -3*n. What is the hundreds digit of d(n)?
0
Let d(i) be the second derivative of i**4/6 + i**3/2 - 9*i**2 + i - 11. Let y = -20 + 11. What is the units digit of d(y)?
7
Let g(s) be the first derivative of -2*s**3/3 - 5*s**2/2 - 6*s - 19. Let n be g(-10). Let p = n + 239. What is the tens digit of p?
8
Let m(n) = -13*n + 6. Let q(f) = 24*f - 7. Let d(k) = -7*m(k) - 4*q(k). Suppose 0 = 3*g + 28 + 14. What is the units digit of d(g)?
6
Suppose 81*r - 28759 = -9916 + 56730. What is the hundreds digit of r?
9
Suppose 0*l - l = 6. What is the tens digit of l/16 + (154581/(-56))/(-17)?
6
Suppose -15*j + 16*j + 5*v - 6170 = 0, 4*v = -j + 6174. What is the units digit of j?
0
Let h(t) = -t**3 - t**2. Let m(u) be the third derivative of u**6/20 + u**5/60 + 4*u**3/3 + 11*u**2. Let s(p) = 5*h(p) + m(p). What is the units digit of s(6)?
0
What is the units digit of (16 - 16) + 50611 + (-2 - -13)?
2
What is the hundreds digit of (2306658/2289)/((-4)/(-70))?
6
Let b = -10 + 14. Let x(t) = t**2 - 4*t + 4. Let m be x(b). Suppose -310 = -3*j - 3*y - 37, 3*j + m*y = 275. What is the tens digit of j?
8
Let j(n) = 289*n - 546. Let y(b) = 57*b - 109. Let a(q) = 2*j(q) - 11*y(q). What is the tens digit of a(-12)?
9
Let n be (-14)/(-35) + 639/15*1. Let b = 57 - n. Suppose -b = 4*u - 5*u. What is the units digit of u?
4
Suppose 20*z - 136 = 3*z. Suppose -a + y + z = 0, -5 = -4*a - 2*y - 3. Suppose 4*t - 665 = -b, -a*b - 98 = 3*t - 608. What is the units digit of t?
5
Let i be -1*((-39)/6)/((-1)/(-4)). Let t(b) = 3*b**2 - 70*b + 28. What is the hundreds digit of t(i)?
2
Let z(g) = -10396*g - 9300. What is the tens digit of z(-5)?
8
Let m = -9 - -10. Let t(p) = 9*p - m + 4*p**3 - 4*p**3 - 7*p**2 - p**3. What is the units digit of t(-9)?
0
Let r be 140/(-8)*20/(-50). Suppose -3*g - r*f = -3*f - 2451, 0 = -5*g + 2*f + 4111. What is the tens digit of g?
2
Let j be (-69)/46*(4/(-3))/1. Suppose 5*o = j*p + 2*o - 590, 0 = -p - o + 290. What is the tens digit of p?
9
Suppose 0 = 4*x + 12, -3*g = 2*x + 184 - 610. Let t = -87 + g. What is the units digit of t?
7
Suppose -35*j + 86 = 8*j. Suppose p + a = j*p - 611, -a = -4. What is the tens digit of p?
1
Suppose f + 1208 = -5*v + 3911, 0 = 3*v - 5*f - 1605. What is the tens digit of v?
4
Suppose -3*f + 4*h = -f - 8, -3*h - 39 = 4*f. What is the tens digit of 0/f + 3 + 116/1?
1
Let a(o) = o**3 - 18*o**2 - o - 31. Let l be a(18). What is the tens digit of ((-554)/(-7))/((-14)/l)?
7
Let z be (-4)/(-2 - -14)*-9*41. Suppose 2*s - z = -j + 4, 5*j + 3*s = 607. Suppose 115*a + 172 = j*a. What is the tens digit of a?
4
Let p(i) be the first derivative of -43*i**4/24 - 2*i**3/3 + 3*i**2 - 28. Let y(l) be the second derivative of p(l). What is the hundreds digit of y(-4)?
1
Let s(j) = -j**2 + 6*j + 4. Let t be s(6). Let v(f) = 103*f + 9. Let i be v(t). Suppose 2*a - 4*m = 304, 7*m - 6*m = -3*a + i. What is the hundreds digit of a?
1
Let j(i) = 5*i**2 + 2*i - 1. Let